{"id":16,"date":"2021-12-29T11:35:05","date_gmt":"2021-12-29T10:35:05","guid":{"rendered":"http:\/\/andarta-finance.fr\/?page_id=16"},"modified":"2024-05-13T16:06:14","modified_gmt":"2024-05-13T14:06:14","slug":"accueil","status":"publish","type":"page","link":"https:\/\/andarta-finance.fr\/","title":{"rendered":"Accueil"},"content":{"rendered":"\n<h2 class=\"wp-block-heading\"><strong><span style=\"color:#6f8241\" class=\"has-inline-color\">UN CABINET D\u00c9DI\u00c9 AU CONSEIL DU SECTEUR PUBLIC LOCAL<\/span><\/strong><\/h2>\n\n\n\n<div class=\"wp-block-columns is-layout-flex wp-container-core-columns-is-layout-1 wp-block-columns-is-layout-flex\">\n<div class=\"wp-block-column is-layout-flow wp-block-column-is-layout-flow\">\n<p>Andarta est un cabinet de conseil financier et fiscal ind\u00e9pendant, cr\u00e9\u00e9 en 2011. <br><strong>Les prestations de conseil d\u2019Andarta sont exclusivement dispens\u00e9es au secteur public local, <\/strong>ce qui \u00e9vite tout conflit d\u2019int\u00e9r\u00eat direct ou indirect en cas de n\u00e9gociation avec les op\u00e9rateurs priv\u00e9s ou de contr\u00f4le financier de ces derniers. <br>En second lieu, nous conseillons des collectivit\u00e9s locales \u0153uvrant activement dans les domaines de la gestion des d\u00e9chets, de l\u2019\u00e9nergie ou des transports. <\/p>\n\n\n\n<p><br>Bas\u00e9 \u00e0 Valence, dans la Dr\u00f4me, nous intervenons sur l\u2019ensemble du territoire m\u00e9tropolitain, avec une forte proportion de missions de proximit\u00e9. <br>Notre objectif est de d\u00e9livrer aux autorit\u00e9s publiques de toutes tailles <strong>un conseil de qualit\u00e9, impartial et sur-mesure, \u00e0 des tarifs accessibles.<\/strong> <br>Nous souhaitons \u00e9galement donner \u00e0 nos clients des outils d\u2019analyse op\u00e9rationnels et transmettre au mieux notre savoir-faire aux cadres territoriaux.<\/p>\n<\/div>\n\n\n\n<div class=\"wp-block-column is-layout-flow wp-block-column-is-layout-flow\">\n<p><strong>DEONTOLOGIE<\/strong> <br><br>ANDARTA est <strong>un cabinet \u00e0 100% ind\u00e9pendant<\/strong>. <br>La client\u00e8le du cabinet est \u00e0 100% compos\u00e9e d\u2019autorit\u00e9s publiques locales. <br>ANDARTA s\u2019attache \u00e0 effectuer cette assistance dans les conditions suivantes : <br>&#8211; Exigence de valeur ajout\u00e9e r\u00e9elle des conseils apport\u00e9s, \u00e9tudes \u00ab sur-mesure\u00bb. <br>Impartialit\u00e9 du conseil. <br>&#8211; Respect des d\u00e9lais et des engagements contractuels. <br>&#8211; Transparence sur les conditions d\u2019ex\u00e9cution de nos missions. <br>&#8211; Garantie de confidentialit\u00e9 concernant les donn\u00e9es confi\u00e9es par la Personne Publique. <br>&#8211; Absence de sous-traitance des missions \u00e0 des soci\u00e9t\u00e9s ou des personnes ne poss\u00e9dant pas la comp\u00e9tence n\u00e9cessaire. <br>&#8211; Choix des partenaires juridiques et techniques en fonction de crit\u00e8res de qualit\u00e9 et de d\u00e9ontologie. <br><\/p>\n<\/div>\n<\/div>\n\n\n\n<!--nextpage-->\n\n\n\n<h2 class=\"wp-block-heading\"><strong><span style=\"color:#718648\" class=\"has-inline-color\">PROTECTION DE L\u2019ENVIRONNEMENT<\/span><\/strong><\/h2>\n\n\n\n<p><strong>ANDARTA s\u2019engage \u00e0 effectuer cette mission dans des conditions respectueuses de l\u2019environnement. <\/strong>Notre cabinet a mis en \u0153uvre les d\u00e9marches suivantes : <br>&#8211; Limitation de notre bilan carbone en effectuant l\u2019ensemble des d\u00e9placements en transports en commun non a\u00e9riens (train, bus, car, m\u00e9tro, bateau), voire en covoiturage ou taxi en l\u2019absence d\u2019autre possibilit\u00e9 ; <br>&#8211; Chauffage au bois et gestion raisonn\u00e9e des temp\u00e9ratures sur notre lieu de travail (max 18\u00b0C en hiver, pas de climatisation artificielle en \u00e9t\u00e9). <br>&#8211; Electricit\u00e9\u00a0uniquement produite \u00e0 partir d\u2019\u00e9nergie renouvelable (souscription d\u2019un contrat Enercoop). <br>&#8211; Limitation de la production de d\u00e9chets en supprimant les impressions inutiles de documents ou de courriers \u00e9lectroniques et en faisant recycler les cartouches d\u2019imprimantes ; Tri des papiers et emballages li\u00e9s \u00e0 notre activit\u00e9. Compostage des restes de repas. <br>&#8211; Lutte contre la d\u00e9forestation en imprimant les documents indispensables (factures, administration) sur du papier recycl\u00e9 ou labellis\u00e9 \u00ab bois issu de for\u00eats g\u00e9r\u00e9es de mani\u00e8re responsable \u00bb (PEFC ou FSC) ; <br>&#8211; Respect de l\u2019environnement lors de nos d\u00e9placements sur le territoire de la collectivit\u00e9 (exemple : choix de l\u2019h\u00e9bergement et de la restauration favorisant l\u2019\u00e9conomie locale et artisanale).<\/p>\n\n\n\n<figure class=\"wp-block-image size-large\"><img fetchpriority=\"high\" decoding=\"async\" width=\"197\" height=\"282\" src=\"https:\/\/andarta-finance.fr\/wp-content\/uploads\/2022\/01\/Enercop-1.png\" alt=\"\" class=\"wp-image-53\"\/><\/figure>\n","protected":false},"excerpt":{"rendered":"<p>UN CABINET D\u00c9DI\u00c9 AU CONSEIL DU SECTEUR PUBLIC LOCAL Andarta est un cabinet de conseil financier et fiscal ind\u00e9pendant, cr\u00e9\u00e9 en 2011. Les prestations de conseil d\u2019Andarta sont exclusivement dispens\u00e9es au secteur public local, ce qui \u00e9vite tout conflit d\u2019int\u00e9r\u00eat direct ou indirect en cas de n\u00e9gociation avec les op\u00e9rateurs priv\u00e9s ou de contr\u00f4le financier &hellip; <\/p>\n<p class=\"link-more\"><a href=\"https:\/\/andarta-finance.fr\/\" class=\"more-link\">Continue reading<span class=\"screen-reader-text\"> &#8220;Accueil&#8221;<\/span><\/a><\/p>\n","protected":false},"author":1,"featured_media":0,"parent":0,"menu_order":0,"comment_status":"closed","ping_status":"closed","template":"","meta":{"footnotes":""},"class_list":["post-16","page","type-page","status-publish","hentry"],"_links":{"self":[{"href":"https:\/\/andarta-finance.fr\/index.php?rest_route=\/wp\/v2\/pages\/16","targetHints":{"allow":["GET"]}}],"collection":[{"href":"https:\/\/andarta-finance.fr\/index.php?rest_route=\/wp\/v2\/pages"}],"about":[{"href":"https:\/\/andarta-finance.fr\/index.php?rest_route=\/wp\/v2\/types\/page"}],"author":[{"embeddable":true,"href":"https:\/\/andarta-finance.fr\/index.php?rest_route=\/wp\/v2\/users\/1"}],"replies":[{"embeddable":true,"href":"https:\/\/andarta-finance.fr\/index.php?rest_route=%2Fwp%2Fv2%2Fcomments&post=16"}],"version-history":[{"count":4,"href":"https:\/\/andarta-finance.fr\/index.php?rest_route=\/wp\/v2\/pages\/16\/revisions"}],"predecessor-version":[{"id":185,"href":"https:\/\/andarta-finance.fr\/index.php?rest_route=\/wp\/v2\/pages\/16\/revisions\/185"}],"wp:attachment":[{"href":"https:\/\/andarta-finance.fr\/index.php?rest_route=%2Fwp%2Fv2%2Fmedia&parent=16"}],"curies":[{"name":"wp","href":"https:\/\/api.w.org\/{rel}","templated":true}]}}